r when 2424 is divided by q?
84
Calculate the remainder when 3988 is divided by ((-552)/1656)/((-1)/105).
33
Suppose 0 = 4*z - 4*y - 52, 5*y = 5*z + 2*y - 63. Suppose 2434*p = 2433*p + 5*d + 9, -p + 9 = -d. Calculate the remainder when z is divided by p.
3
Suppose 2179*b - 20 = 2184*b. Calculate the remainder when b/8*1*(-119 - 3) is divided by 28.
5
Let x = 124 + -118. Let b(l) = 17*l + 14. Let w be b(x). Suppose -12*m = -16*m + w. What is the remainder when 231 is divided by m?
28
Let b(w) = 52*w - 53. Let z be b(1). Calculate the remainder when (6232/(-24)*3)/z is divided by 30.
29
Suppose -5*w + 35 = 3*c + 2*c, 0 = -4*c - 3*w + 24. Suppose -19*s = -677 - 425. Suppose -c*g - 13 = -s. Calculate the remainder when 85 is divided by g.
10
Suppose 7991 = 6*l - 7. Calculate the remainder when l is divided by 664.
5
Let w(p) = 16*p - 62. Let l be w(3). Let j = l - -25. What is the remainder when 27 is divided by j?
5
Calculate the remainder when (-118398)/(-99) + (-98)/(-1617) is divided by 173.
158
Suppose 13*v = 23*v + 220. Calculate the remainder when 63 is divided by (-186)/(-14) + 3*v/231.
11
Let y(l) = l**2 + 21*l - 39. Let s be y(-23). Let c(x) = -7*x + 85. Calculate the remainder when c(s) is divided by 10.
6
Let r be (-24)/(-20)*(-75)/(-9). Calculate the remainder when 472/r + (-2)/10 + 0 is divided by 10.
7
Let m(n) = 59*n + 4338. What is the remainder when m(-73) is divided by 27?
4
Suppose 5*k - 4 = 4*k. Suppose -k*i = -3*q + 60, -i = i. What is the remainder when 61 - ((-12)/(-3) + 0) is divided by q?
17
Let g = -821 - -886. Calculate the remainder when 200 is divided by g.
5
Let p = 4487 - 4461. Let q(d) = -d**2 + 7*d - 1. Calculate the remainder when p is divided by q(6).
1
Suppose s = -3*k - 7 + 6, 2*k = 3*s + 3. Suppose k = -2*q + 2*c + 70, -q + 17 + 8 = c. What is the remainder when 113 is divided by q?
23
Suppose 0 = -4*h - f - 73, 3*f = 3*h - 0*f + 51. What is the remainder when (-3)/1*1392/h is divided by (2/(-1) - 0) + 49?
44
Suppose 4*x - 3465 = -x - n, 3*x - 3*n = 2097. Let i(u) = 6*u**2 + 56*u - 23. What is the remainder when x is divided by i(-10)?
14
Suppose -2*k - 5 = 5, -533 = 2*i + 3*k. Let o = -91 - i. What is the remainder when o is divided by 35?
28
Let q = -295 + 293. Calculate the remainder when ((0/1)/q - -4) + 84 is divided by 30.
28
Suppose -21*m - 69 = -22*m. Suppose 5*s = -2*i + 135, -4*s + i + m = -39. What is the remainder when 294 is divided by s?
24
Let l be (-2350)/45 + (-4)/(-18). Let c = l + 89. Let d(s) = -2*s**2 - 47*s - 130. What is the remainder when c is divided by d(-20)?
7
Suppose 2654*q - 2650*q + 3*y = 151, -3*q = -3*y - 87. Calculate the remainder when 1415 is divided by q.
21
Suppose -168*p = -169*p + 350. Let s = 359 - p. Calculate the remainder when 142 is divided by s.
7
Let l be ((-184)/20 + 2)*(-90)/(-4). What is the remainder when 60 is divided by (l/(-12))/((-2)/(-4))?
6
Suppose 5*g - 3*o = -8*o + 80, g - 13 = 2*o. Suppose 4*u + 3 - g = -2*t, 0 = 3*t - 3*u - 27. What is the remainder when 54 is divided by t?
6
Let y(a) = a**2 - 21*a + 55. Let i be y(19). Let h = -32 + i. What is the remainder when 72 is divided by -5*h/(20/4)?
12
Let q = -4048 - -4231. What is the remainder when 616 is divided by q?
67
Let d be (-1)/((-4)/10)*(-368)/(-10). Suppose d - 140 = -4*a. Calculate the remainder when 154 is divided by a.
10
Let t(i) = 21*i**2 + 2*i - 1. Suppose -3*x + 4*g - 45 = 9*g, 5*x = -6*g - 75. Let o(s) = -6*s - 29. Calculate the remainder when o(x) is divided by t(1).
17
Let v = 541 + -487. What is the remainder when 1292 is divided by v?
50
Let m be (-4 + 8 - 1)/1 - -76. Let y(n) = -14*n**2 - 2*n. Let v be y(2). Let h = v + m. Calculate the remainder when 168 is divided by h.
16
Let h(j) = 13*j**3 - 7*j**2 - 4*j + 4. Calculate the remainder when 1163 is divided by h(2).
11
Let f be (-196)/(-3) + 1 + 62/93. Let g = f - 57. Suppose x + x = g. Calculate the remainder when 12 is divided by x.
2
Suppose 10*j - 1686 = -26. Let d = -576 - -604. Calculate the remainder when j is divided by d.
26
Let g(z) = -z**3 + 6*z**2 - 5*z + 4. Let l = -2560 - -2585. Calculate the remainder when l is divided by g(4).
9
Let p(k) = -k**2 + 90*k + 360. What is the remainder when p(84) is divided by 51?
48
Suppose 0 = -l - m + 295, 5*m = 3*l - 329 - 548. Let a = l - 203. Let x = a - 61. Calculate the remainder when 54 is divided by x.
24
Let m(z) = 2*z - 37. Let b be (-93)/(-5) - (-2)/20*-6. Let a be m(b). Calculate the remainder when (25/(-20))/(-1*a/(-100)) is divided by 16.
13
Let i = 34 - 15. Calculate the remainder when -9 - ((-48 - -10) + 6) is divided by i.
4
Let q(k) = 104*k**2 - 230*k - 457. What is the remainder when q(-2) is divided by 141?
137
Suppose -19 = -5*v + 11, 2*v = -a + 2509. Calculate the remainder when a is divided by 157.
142
Suppose 5*q + 3*m = 15, 15*m - 13*m + 9 = 3*q. What is the remainder when 52 is divided by (-40 + 4)*q/(-6)?
16
Suppose 0 = -2*q - 11*h + 8*h + 699, -717 = -2*q + 3*h. What is the remainder when q is divided by 60?
54
Let w = -13 - -17. Suppose -r = -39 + w. Suppose -4*z = -41 - r. Calculate the remainder when 71 is divided by z.
14
Let r = -24288 + 24296. What is the remainder when 171 is divided by r?
3
Let m(s) = -16*s + 44. Let u be m(4). Let z = 556 + u. What is the remainder when z is divided by 20?
16
Let k = 228 + -115. Suppose -33 = 112*u - k*u. What is the remainder when u is divided by 20?
13
Let l = -80 + 52. Let m = l - -40. Let b(g) = -4*g**2 - 387*g - 620. What is the remainder when b(-95) is divided by m?
9
Suppose 0 = 16*q - 1012 - 988. Calculate the remainder when 155 is divided by q.
30
What is the remainder when 195 is divided by 88/(-77) + (-260)/(-7)?
15
Let n(s) be the first derivative of -s**4/4 - 14*s**3/3 - 11*s**2 - 23*s + 9. Calculate the remainder when n(-14) is divided by 16.
13
Suppose m - 4*q - 111 = 0, -5*q = 4*m - 764 + 215. Let d = 3 - -22. Suppose -h + d = -8. Calculate the remainder when m is divided by h.
32
Suppose 211021 + 321754 = -45*o + 146*o. Calculate the remainder when o is divided by 55.
50
Suppose 154*l - 149*l - 2780 = 0. Suppose l = 5*o - 179. Calculate the remainder when o is divided by 27.
12
Suppose 2*h + 64 = 3*h - 5*r, -2*r - 231 = -3*h. Let t = 94 - h. What is the remainder when 31 is divided by t?
1
Suppose 30 = 5*f - 5*i, -10 = 4*i + 6. Suppose f*g - 25 - 19 = 0. Calculate the remainder when g is divided by 8.
6
Calculate the remainder when 122 is divided by ((-216)/972)/((-6)/837).
29
Suppose 4*g + 95 = 4*p - 65, -5*p = 5*g + 180. Let b = 6 - g. What is the remainder when b is divided by 9?
8
Let n(w) = w**3 + 47*w**2 - 3*w + 572. Calculate the remainder when n(0) is divided by 56.
12
Let g be (-1)/((2*-1)/96). Let v(f) = -12*f + 364. Let h be v(32). Let i = g + h. What is the remainder when i is divided by 18?
10
Suppose 29*g + 7*g = -4744 + 19792. What is the remainder when g is divided by 25?
18
Suppose q - 5*m - 81 = -17, -15 = 5*m. What is the remainder when q is divided by 12 + (129/27 - 10/(-45))?
15
Let f = 46314 - 46286. Let p(h) = -11*h**3 - 2*h**2 + 2*h + 2. What is the remainder when p(-2) is divided by f?
22
Suppose 847 = -115*l + 126*l. What is the remainder when l is divided by 41?
36
Let g be -6*10/(-4)*-1. Let o(p) = -p**2 - 15*p + 17. What is the remainder when 151 is divided by o(g)?
15
What is the remainder when (4/3)/((-220)/(-151965)) is divided by 117?
102
Let y = 22 - -31. Calculate the remainder when y is divided by -2 - 1625/(-95) - 34/323.
8
Let q = -188 - -200. Suppose -3060 = -8*x - q*x. What is the remainder when x is divided by 13?
10
Let v(f) = 74*f**2 + 31*f + 32. Let t be v(-1). Suppose 87*a = t*a + 456. Suppose -453 = -0*b - 3*b. What is the remainder when b is divided by a?
37
Suppose 0 = -38*b + 1923 - 17731. Let j = b + 417. What is the remainder when 2 is divided by j?
0
Let t(k) = -k**2 + 370*k + 3460. What is the remainder when 552 is divided by t(-9)?
13
What is the remainder when (15/(-4))/(-9*120/57024) is divided by 6?
0
Calculate the remainder when 146 is divided by (19/4 + -5)*-196.
48
Let g = 2886 - 2885. What is the remainder when 31 is divided by g?
0
Let g be ((-52)/(-39))/((-2)/(-3)). Let t(d) = -d. What is the remainder when t(-5) is divided by ((10